{"id":18,"date":"2022-04-20T21:55:18","date_gmt":"2022-04-20T19:55:18","guid":{"rendered":"http:\/\/mozartbike.internet-box.ch\/?page_id=18"},"modified":"2022-04-27T11:34:47","modified_gmt":"2022-04-27T09:34:47","slug":"suivre-la-route-mozart","status":"publish","type":"page","link":"https:\/\/mozartbike.internet-box.ch\/?page_id=18","title":{"rendered":"La Route Mozart en Suisse"},"content":{"rendered":"\n<p><\/p>\n\n\n\n<p><\/p>\n\n\n\n<figure class=\"wp-block-image size-large is-resized\"><img loading=\"lazy\" decoding=\"async\" src=\"https:\/\/mozartbike.internet-box.ch\/wp-content\/uploads\/2022\/04\/MW_Karte_De_Fr_0321-1024x598.png\" alt=\"\" class=\"wp-image-261\" width=\"702\" height=\"409\" srcset=\"https:\/\/mozartbike.internet-box.ch\/wp-content\/uploads\/2022\/04\/MW_Karte_De_Fr_0321-1024x598.png 1024w, https:\/\/mozartbike.internet-box.ch\/wp-content\/uploads\/2022\/04\/MW_Karte_De_Fr_0321-300x175.png 300w, https:\/\/mozartbike.internet-box.ch\/wp-content\/uploads\/2022\/04\/MW_Karte_De_Fr_0321-768x448.png 768w, https:\/\/mozartbike.internet-box.ch\/wp-content\/uploads\/2022\/04\/MW_Karte_De_Fr_0321-1536x897.png 1536w, https:\/\/mozartbike.internet-box.ch\/wp-content\/uploads\/2022\/04\/MW_Karte_De_Fr_0321-850x496.png 850w, https:\/\/mozartbike.internet-box.ch\/wp-content\/uploads\/2022\/04\/MW_Karte_De_Fr_0321.png 1942w\" sizes=\"auto, (max-width: 702px) 100vw, 702px\" \/><figcaption><sup>L&rsquo;Itin\u00e9raire suisse de Mozart et les st\u00e8les pos\u00e9es par l&rsquo;Association Schweizer Mozartweg (source : <a href=\"https:\/\/mozartweg.ch\/fr\/\" data-type=\"URL\" data-id=\"https:\/\/mozartweg.ch\/fr\/\" target=\"_blank\" rel=\"noreferrer noopener\">mozartweg.ch<\/a>)<\/sup><\/figcaption><\/figure>\n\n\n\n<p class=\"has-text-align-center\">Entre le 11 et le 18 septembre 1766, Wolfgang Amadeus Mozart, \u00e2g\u00e9 de 10 ans, donne deux concerts \u00e0 l\u2019H\u00f4tel de Ville de Lausanne<a id=\"_ftnref1\" href=\"#_ftn1\">[1]<\/a>. <\/p>\n\n\n\n<p class=\"has-text-align-center\">Il a d\u00e9j\u00e0 travers\u00e9 l\u2019Europe pr\u00e9sent\u00e9 par son p\u00e8re dans les plus grandes cours. Ce premier voyage a dur\u00e9 plus de trois ans. Revenant de Londres, puis Paris o\u00f9 la famille Mozart a s\u00e9journ\u00e9 durant cinq mois, il longe le Lac L\u00e9man, ne daignant pas s\u2019arr\u00eater chez Voltaire qui pourtant l\u2019attend, prend la route de Berne, passe par Epalinges (o\u00f9 j\u2019habite&nbsp;!), traversera Moudon, Morat, Bern, Aarau, Baden, jouera \u00e0 Zurich et quittera le territoire suisse par Schaffhouse. <\/p>\n\n\n\n<p class=\"has-text-align-center\">Ce p\u00e9riple a \u00e9t\u00e9 document\u00e9 et la Route Mozart<a id=\"_ftnref2\" href=\"#_ftn2\">[2]<\/a> est aujourd\u2019hui born\u00e9e par des st\u00e8les comm\u00e9moratives dans les communes o\u00f9 le jeune musicien a pass\u00e9. <\/p>\n\n\n\n<p class=\"has-text-align-center\">Le retour de la famille Mozart se fera par Munich, pour arriver \u00e0 Salzburg le 29 novembre 1766.<\/p>\n\n\n\n<hr class=\"wp-block-separator\"\/>\n\n\n\n<p class=\"has-small-font-size\"><a href=\"#_ftnref1\" id=\"_ftn1\">[1]<\/a> Ren\u00e9 Spalinger<em>, Quand Mozart passait \u00e0 Lausanne : Chronique in\u00e9dite<\/em>, Ed. Slatkine, 2006, 447 p.<\/p>\n\n\n\n<p class=\"has-small-font-size\"><a href=\"#_ftnref2\" id=\"_ftn2\">[2]<\/a> <a href=\"http:\/\/mozartweg.ch\">http:\/\/mozartweg.ch<\/a><\/p>\n","protected":false},"excerpt":{"rendered":"<p>Entre le 11 et le 18 septembre 1766, Wolfgang Amadeus Mozart, \u00e2g\u00e9 de 10 ans, donne deux concerts \u00e0 l\u2019H\u00f4tel de Ville de Lausanne[1]. Il a d\u00e9j\u00e0 travers\u00e9 l\u2019Europe pr\u00e9sent\u00e9 par son p\u00e8re dans les plus grandes cours. Ce premier voyage a dur\u00e9 plus de trois ans. Revenant de Londres,<\/p>\n","protected":false},"author":1,"featured_media":0,"parent":0,"menu_order":0,"comment_status":"closed","ping_status":"closed","template":"","meta":{"footnotes":""},"class_list":["post-18","page","type-page","status-publish","hentry"],"jetpack_sharing_enabled":true,"_links":{"self":[{"href":"https:\/\/mozartbike.internet-box.ch\/index.php?rest_route=\/wp\/v2\/pages\/18","targetHints":{"allow":["GET"]}}],"collection":[{"href":"https:\/\/mozartbike.internet-box.ch\/index.php?rest_route=\/wp\/v2\/pages"}],"about":[{"href":"https:\/\/mozartbike.internet-box.ch\/index.php?rest_route=\/wp\/v2\/types\/page"}],"author":[{"embeddable":true,"href":"https:\/\/mozartbike.internet-box.ch\/index.php?rest_route=\/wp\/v2\/users\/1"}],"replies":[{"embeddable":true,"href":"https:\/\/mozartbike.internet-box.ch\/index.php?rest_route=%2Fwp%2Fv2%2Fcomments&post=18"}],"version-history":[{"count":16,"href":"https:\/\/mozartbike.internet-box.ch\/index.php?rest_route=\/wp\/v2\/pages\/18\/revisions"}],"predecessor-version":[{"id":466,"href":"https:\/\/mozartbike.internet-box.ch\/index.php?rest_route=\/wp\/v2\/pages\/18\/revisions\/466"}],"wp:attachment":[{"href":"https:\/\/mozartbike.internet-box.ch\/index.php?rest_route=%2Fwp%2Fv2%2Fmedia&parent=18"}],"curies":[{"name":"wp","href":"https:\/\/api.w.org\/{rel}","templated":true}]}}